. List the prime factors of t(20).
3, 103
Let q = 24 - 20. Let p(i) = -i**3 + 9*i**2 - 9*i + 9. Let o be p(7). Suppose q*k = 28 + o. What are the prime factors of k?
2, 3
Suppose 0 = 4*a + 3*r - 3068, 3*a = -2*r - 0*r + 2301. List the prime factors of a.
13, 59
Let j be 4/10 - (-115)/25. Let l(k) = 7 - 1 - k + j - 2. List the prime factors of l(7).
2
Suppose -24*z + 22715 = -1069. What are the prime factors of z?
991
Let c(q) = -4*q - 2*q + 4*q + q. Let v be c(-2). Suppose -z = 4*o - 103, -o - 4*z = -v*o + 47. What are the prime factors of o?
3
Suppose 4*j - 391 = -163. Let t(i) = i**3 + 4*i**2 - 3*i + 7. Let w be t(-5). Let u = w + j. List the prime factors of u.
2, 3
Suppose 0*q + 2*q - 4 = 0. Suppose -4*h - 2*j + 28 = -j, 0 = -h + 2*j - q. List the prime factors of h.
2, 3
Suppose -n = -5*d - 19, 4 = -3*n + 16. Let r(j) = -7*j - 6. List the prime factors of r(d).
3, 5
What are the prime factors of -2 + (1 - 1) - -1344?
2, 11, 61
What are the prime factors of (-7*(-18)/(-6))/((-3)/32)?
2, 7
Let p(u) = -2*u - 3*u + 1 + 4*u. Let r be p(-4). Suppose -o - 3*k - r = -0*o, -4*o - 3*k = -7. List the prime factors of o.
2
Suppose -2882 = 17*p - 39*p. What are the prime factors of p?
131
Let x(c) = -3*c**2 + 3*c + 4. Let s(q) = 2*q**2 - q - 2. Let d(g) = 7*s(g) + 3*x(g). What are the prime factors of d(-3)?
37
Let t = 3 + 1. Suppose -t = -d - 1. List the prime factors of d.
3
Let x = -7 + 3. Let s = x - -7. Suppose 2*m - 4*w - 5 - 7 = 0, s*m + 3*w - 54 = 0. What are the prime factors of m?
2, 7
Let t be (-62)/(-10) - (-9)/(-45). Let k(i) = -t*i**2 - 2 - 5*i + 5*i**2 + 1. List the prime factors of k(-4).
3
Suppose 405*w - 410*w + 685 = 0. List the prime factors of w.
137
Let x be (3 - (-6)/(-3))*23. Suppose -4*c + 53 = -x. List the prime factors of c.
19
Suppose p - 181 = 5*q - 786, 5*p = -3*q + 363. Let t = q - 52. List the prime factors of t.
3, 23
Let g(o) = o**2 + 6*o - 8. Let v be (-2)/6*(-162)/9. List the prime factors of g(v).
2
Suppose 19 + 17 = 4*z. Let h = z - 27. Let o = h + 45. What are the prime factors of o?
3
Suppose -32*v + 11462 + 23098 = 0. List the prime factors of v.
2, 3, 5
What are the prime factors of 17520/42 + (-18)/(-21)?
2, 11, 19
Suppose -3*y + l + 3*l = -13, 0 = 2*y + 4*l - 22. Suppose y*f - 762 = 176. What are the prime factors of f?
2, 67
Let i = 1168 - -21. What are the prime factors of i?
29, 41
What are the prime factors of 102/(-272) - 2534/(-16)?
2, 79
Let a = -1 + 5. Suppose 132 = 2*v + a*q, 3*v - 149 = 5*q + 60. List the prime factors of v.
2, 17
Suppose -2*u - 26 = -2. Let p be (-38)/u + (-5)/30. Suppose 8*q - p*q - 190 = 0. List the prime factors of q.
2, 19
Suppose 6*k - 13068 = -6*k. What are the prime factors of k?
3, 11
Let r(w) = -w**3 - w**2 + w. Let z be r(0). Suppose 0 = 4*a - z*a - 12. What are the prime factors of (a - 0)/3*25?
5
Suppose -2650*a + 2658*a = 6320. What are the prime factors of a?
2, 5, 79
Let j = -344 - -684. What are the prime factors of j?
2, 5, 17
Let b = -605 + 1032. What are the prime factors of b?
7, 61
What are the prime factors of -1*(-14824)/40 + 3/(-5)?
2, 5, 37
Suppose -4*z + 2*z = -64. Suppose 3*b - z = -4*n + 203, -n = 2*b - 60. What are the prime factors of n?
2, 29
Suppose -5*z + l = -14916, -5*z - 2*l + 9330 + 5598 = 0. What are the prime factors of z?
2, 373
Suppose 4*b = -0*c - 5*c - 6, 0 = 3*c + 3*b + 6. Suppose s - 41 - 37 = c*h, 0 = -4*s - 5*h + 286. List the prime factors of s.
2, 37
Suppose 75*f - 101725 = 50*f. What are the prime factors of f?
13, 313
Suppose -20*q + 7991 + 13209 = 0. What are the prime factors of q?
2, 5, 53
Let g = -52 - -53. What are the prime factors of -2 + g + 0 + 97?
2, 3
Let y be (-52)/(-6 + 4 - (1 - 1)). Let q = y - -133. What are the prime factors of q?
3, 53
Suppose 83 = 2*w - m, 0 = 4*m - 7 + 3. Suppose -v - 4*v - 73 = -3*y, -w = -2*y + 5*v. What are the prime factors of y?
31
Let n be -1 - (3 + -4) - 113. Let r = n - -167. Suppose -3*k = -r - 9. What are the prime factors of k?
3, 7
Let a be 0 - 1 - 56/(-2). Let t = 38 - a. List the prime factors of 142*1*t/22.
71
Let j be 2*(2 - (-30 - -4)). Let y = j - 2. List the prime factors of y.
2, 3
Suppose -3*x - 5*n = 295, 4*x = 3*n - 297 - 77. Let g = x - -143. List the prime factors of g.
2, 3
Suppose 31 + 4 = 7*w. List the prime factors of -1 + w - -222 - 0.
2, 113
Suppose 12 = 3*y + 3*y. Suppose 0 = y*r + 29 - 197. What are the prime factors of r?
2, 3, 7
Let m = 954 + -388. Let h = -378 + m. What are the prime factors of h?
2, 47
Let p = 12 - 7. Let q be (-4)/(-5)*p/2. Suppose -3*y + 171 = -4*h, -3*h = q*h + 15. List the prime factors of y.
53
What are the prime factors of (-3815 + 9)/(-11)*15/2?
3, 5, 173
Let r be (1/3)/((-6)/(-36)). Suppose l + 3 = -r. What are the prime factors of (-63)/l - (-18)/(-30)?
2, 3
Let b = 258 + -118. Suppose 0 = -5*f - z + 684, b = 2*f + 4*z - 130. What are the prime factors of f?
137
Let n(l) = -2*l - 1. Let q(j) = -2*j. Let v(z) = -4*n(z) - 4*q(z). What are the prime factors of v(4)?
2, 17
Let r = -4 + 7. Suppose -u = -5*i + 31, -r = -i - 2*i. List the prime factors of 3/(-9)*(u + -1).
3
Suppose -f + 0*f = 0. Suppose -4*v + 3*v = -3*i - 72, -3*v - 4*i + 242 = f. What are the prime factors of v?
2, 3, 13
Suppose 2*r = 5*j + 13, 3*j + 33 = -0*r + 4*r. Suppose -r*x + 6*x + 375 = 0. List the prime factors of x.
5
Suppose -6*u + 14 = -4*u. Let b be (-4)/14 - 40/u. Let i(w) = 2*w**2 + 4*w - 14. List the prime factors of i(b).
2, 17
Suppose 0 = -5*w + 10207 - 1697. What are the prime factors of w?
2, 23, 37
Let c = 2119 - 821. What are the prime factors of c?
2, 11, 59
Suppose -4*m - h + 3136 = 4*h, 5*h = 5*m - 3965. What are the prime factors of m?
3, 263
Let r = -26 + 29. Let j be 14/21 + (-50)/r. Let s = 21 + j. List the prime factors of s.
5
Let z(g) = -11*g**2 + 21*g**2 - 5*g + 10 - 7*g**2. List the prime factors of z(5).
2, 3, 5
Let u be (-64)/(-40)*(-10)/(-4). Suppose u*r - 21 = r. List the prime factors of r.
7
Let r(l) = -l + 35. Let t = -12 + 12. Let n be r(t). Let h = -17 + n. What are the prime factors of h?
2, 3
Suppose i = -2*r + 61 + 284, -5*r + 4*i = -869. Let c = -103 + r. What are the prime factors of c?
2, 5, 7
Let n = 76 - -173. What are the prime factors of n?
3, 83
Let x be 2/4 + (-15)/(-10). Let m(j) = -30*j - 1. Let d be m(x). Let v = -28 - d. List the prime factors of v.
3, 11
Suppose 0*q - 2*q + 86 = 4*h, 3*h - 81 = -2*q. Let s = 31 - q. List the prime factors of (s - -3 - -36) + 1.
2, 19
Suppose -4*f - 1 = -2*a + 1, 0 = -f - 2*a + 2. Suppose -4*n - 4*s + 0*s + 244 = f, -2*s = 5*n - 290. What are the prime factors of n?
2, 7
Let l(b) = 6*b**2 + 8*b - 9. Let w = 6 + -11. List the prime factors of l(w).
101
Let h(d) = -d**3 - 29*d**2 + 76*d - 129. What are the prime factors of h(-33)?
3, 191
What are the prime factors of 23 - 5271/231 - (-107752)/22?
2, 31, 79
What are the prime factors of (-963)/1605 - (-2)/(20/24106)?
2, 5, 241
Let v = -56 + 25. Let f = -23 - v. List the prime factors of f.
2
Suppose 5*b - 16 = 3*b. Let l be -9 + b - 2/1. Let f(t) = 2*t**2 + t + 2. What are the prime factors of f(l)?
17
Suppose w - 128 = 3*w. Let o = -23 - w. Suppose 3*d - d + o = 3*l, -d = -2. What are the prime factors of l?
3, 5
Let i = 375 + -216. Let p = 339 - i. What are the prime factors of p?
2, 3, 5
Suppose -60 = 10*j - 5*j. What are the prime factors of ((-20)/j)/(5/150)?
2, 5
Let a be -3*16/6*9/4. Let h = a - -102. What are the prime factors of h?
2, 3, 7
Suppose -2 = c - 5. Suppose 4*h - 246 = c*t, -4*h + 256 = -0*t + 2*t. Suppose -d - h = -4*d. What are the prime factors of d?
3, 7
Let c be (-1 - -3)/1 + -3. Let t = c - -3. List the prime factors of t/(-5) - (-510)/25.
2, 5
Suppose -4*d - 4*p = -40, -5*d + 2*p = -p - 10. Suppose -s = -4, 4*v - 203 = -d*s + 33. List the prime factors of v.
2, 3
Suppose -5*y = -r - r + 11, 8 = 3*r + y. Suppose -2*f + 4*z + 72 = 0, -z + 5*z - 144 = -4*f. Suppose a = r*a - f. What are the prime factors of a?
2, 3
Let t(p) = -p**3 - 4*p**2 + 6*p - 4. Let n be t(-7). Let f be n/5 + (-1)/5. What are the prime factors of f/(-8)*(-92)/10?
23
Suppose -22*r = -44*r + 44. List the prime factors of r.
2
Let m(l) = l**2 - 5*l + 7. Let q be 5 + (3 - 2) + -1. Let g be m(q). Suppose 6*r + 34 = g*r. List the prime fact